{"id":20,"date":"2015-05-07T20:45:54","date_gmt":"2015-05-07T19:45:54","guid":{"rendered":"http:\/\/www.projetsoha.org\/?page_id=20"},"modified":"2015-05-11T04:39:04","modified_gmt":"2015-05-11T03:39:04","slug":"le-projet-soha","status":"publish","type":"page","link":"https:\/\/www.projetsoha.org\/?page_id=20","title":{"rendered":"Le projet SOHA"},"content":{"rendered":"<p><img loading=\"lazy\" decoding=\"async\" class=\" alignleft\" src=\"http:\/\/www.scienceetbiencommun.org\/sites\/default\/files\/final_logo_with_full_name_0_0.png\" alt=\"\" width=\"264\" height=\"85\" \/>Le titre complet de ce projet de recherche-action est : <strong>La science ouverte comme outil collectif de d\u00e9veloppement du pouvoir d\u2019agir et de la justice cognitive en Ha\u00efti et en Afrique francophone : vers une feuille de route <\/strong> \/<em>Open science as a collective tool of empowerment and cognitive justice in Haiti and French-speaking Africa : building the roadmap.<\/em><\/p>\n<p>La <a href=\"http:\/\/scienceetbiencommun.org\/?q=node\/22\">science ouverte<\/a> est un cadre normatif alternatif \u00e0 celui de la science conventionnelle. Orient\u00e9e vers l&rsquo;id\u00e9al du libre partage des connaissances, du travail collaboratif, de la justice cognitive, du rapprochement entre la science et la soci\u00e9t\u00e9, en bref de la science comme \u00ab commun \u00bb, elle regroupe des pratiques vari\u00e9es et parfois h\u00e9t\u00e9rog\u00e8nes qui vont du libre acc\u00e8s aux publications scientifiques (par le biais des revues ou des d\u00e9p\u00f4ts institutionnels) \u00e0 la recherche-action participative et \u00e0 la d\u00e9mocratie scientifique, en passant par la cr\u00e9ation de lieux alternatifs de recherche (tels les laboratoires vivants, les laboratoires ouverts et les boutiques de sciences), l&rsquo;ouverture et le partage des donn\u00e9es de recherche et bibliographiques, l&rsquo;\u00e9criture scientifique collaborative, le recours au web 2.0 et aux r\u00e9seaux sociaux pour valoriser les recherches, l&rsquo;int\u00e9r\u00eat pour les savoirs locaux, les sciences citoyennes et participatives, la critique des pratiques conventionnelles d&rsquo;\u00e9valuation par les pairs et la priorit\u00e9 accord\u00e9e aux logiciels libres et aux licences ouvertes.<\/p>\n<p>N\u00e9 de rencontres au sein de l&rsquo;Association science et bien commun, le projet de recherche-action SOHA consid\u00e8re que <strong>la science ouverte peut devenir un outil de d\u00e9veloppement incontournable en Afrique francophone et en Ha\u00efti<\/strong> &#8211; d\u00e9veloppement du pouvoir d&rsquo;agir et de la justice cognitive. En effet, non seulement elle facilite l&rsquo;acc\u00e8s des chercheurs et des chercheuses de ces pays \u00e0 la science mondiale, mais elle permet de rendre leurs travaux plus visibles et d&rsquo;am\u00e9liorer les liens entre l&rsquo;universit\u00e9 et la soci\u00e9t\u00e9 civile au b\u00e9n\u00e9fice de tout le monde.<\/p>\n<p>Le projet SOHA fait partie du r\u00e9seau <a href=\"http:\/\/ocsdnet.org\/\">OCSDNet <\/a>financ\u00e9 par iHub et le <a href=\"http:\/\/www.idrc.ca\/FR\/Pages\/default.aspx\">Centre de recherches pour le d\u00e9veloppement international<\/a>. Il est en action de janvier 2015 \u00e0 d\u00e9cembre 2016 sous la direction conjointe des professeures Di\u00e9yi Diouf (S\u00e9n\u00e9gal) et Florence Piron (Qu\u00e9bec), avec pr\u00e8s de 20 <img loading=\"lazy\" decoding=\"async\" class=\" alignright\" src=\"http:\/\/www.scienceetbiencommun.org\/sites\/default\/files\/afrique.jpg\" alt=\"\" width=\"156\" height=\"147\" \/>co-chercheurs et co-chercheures et une dizaine de conseillers et conseill\u00e8res. Il concernera au d\u00e9part 16 universit\u00e9s dans 12 pays : B\u00e9nin, Burkina Faso, Cameroun, C\u00f4te d&rsquo;Ivoire, Gabon, Ha\u00efti, Madagascar, Mali, Niger, RDC, S\u00e9n\u00e9gal, Tchad.<\/p>\n<p><strong>Ses objectifs<\/strong> sont les suivants :<\/p>\n<ol>\n<li>Comprendre les obstacles \u00e0 l&rsquo;adoption de la science ouverte par les \u00e9tudiantes et \u00e9tudiants de 2e et de 3e cycles de ces universit\u00e9s dans diff\u00e9rentes disciplines<\/li>\n<li>Appuyer la cr\u00e9ation d&rsquo;outils locaux de formation \u00e0 la science ouverte par le biais de ressources \u00e9ducatives libres<\/li>\n<li>Tester la faisabilit\u00e9 de d\u00e9p\u00f4ts institutionnels et de boutiques de sciences dans ces universit\u00e9s<\/li>\n<li>Cr\u00e9er et animer le <a href=\"http:\/\/scienceetbiencommun.org\/?q=node\/78\">RISOHA, R\u00e9seau interdisciplinaire d&rsquo;information et d&rsquo;\u00e9changes sur la science ouverte en Ha\u00efti et en Afrique francophone<\/a><\/li>\n<li>Publier une feuille de route en vue de l&rsquo;adoption g\u00e9n\u00e9ralis\u00e9e de la science ouverte dans les universit\u00e9s de ces pays.<\/li>\n<\/ol>\n<p>Au sein du projet SOHA, les chercheuses et les chercheurs r\u00e9aliseront des entrevues et des groupes de discussion, puis participeront \u00e0 l&rsquo;analyse et \u00e0 la r\u00e9daction de la feuille de route, ainsi qu&rsquo;\u00e0 la diffusion des r\u00e9sultats. Les conseill\u00e8res et conseillers accompagneront le projet selon leurs int\u00e9r\u00eats et leur disponibilit\u00e9. Les assistantes et assistants travailleront \u00e0 la coordination et \u00e0 l&rsquo;\u00e9valuation du projet &#8211; deux doctorants feront une th\u00e8se \u00e0 partir du projet.<\/p>\n<p>Toutes les personnes qui contribuent au projet SOHA sont d&rsquo;office membres du<strong> <a href=\"http:\/\/scienceetbiencommun.org\/?q=node\/78\">RISOHA<\/a><\/strong> (R\u00e9seau interdisciplinaire d&rsquo;information et d&rsquo;\u00e9changes sur la science ouverte en Ha\u00efti et en Afrique francophone). Cependant, ce r\u00e9seau est <strong>ouvert<\/strong> \u00e0 tous ceux et toutes celles qui s&rsquo;int\u00e9ressent \u00e0 la science ouverte en fran\u00e7ais ou qui souhaitent suivre ses travaux et utiliser les outils de formation \u00e0 la science ouverte en fran\u00e7ais qu&rsquo;il proposera dans l&rsquo;ann\u00e9e 2015.<\/p>\n<p><a href=\"http:\/\/www.scienceetbiencommun.org\/sites\/default\/files\/projet_science_ouverte_en_afrique_et_haiti_-_version_finale_1.pdf\"><strong>T\u00e9l\u00e9charger la description compl\u00e8te du projet<\/strong><\/a><\/p>\n<p>Pour voir la <strong><a href=\"http:\/\/scienceetbiencommun.org\/?q=node\/78\">liste des membres du RISOHA<\/a><\/strong><\/p>\n<p>Pour vous<strong> <a href=\"http:\/\/eepurl.com\/_kWa5\">inscrire sur la liste d&rsquo;envoi<\/a> <\/strong>du RISOHA<\/p>\n<p>Pour vous joindre au <strong><a href=\"https:\/\/www.facebook.com\/groups\/1398875467085123\/\">groupe Facebook du projet SOHA<\/a><\/strong><\/p>\n<p><em><strong>Research project abstract<\/strong><\/em><\/p>\n<p><em>Open and collaborative science (open access to scientific publications, open access journals, open archives, data and bibliographies sharing, public engagement with civil society, scientific democracy) can become a major tool of empowerment for developing countries. It facilitates access to science by researchers and among civil society. Moreover it supports local knowledge and science produced in the Global South, thus contributing to more cognitive justice.<\/em><\/p>\n<p><em>Our research-action project aims at surveying 18 universities in French-speaking Africa and Haiti (FSAH) in order to understand the barriers to the adoption of open and collaborative science by graduate students. It will generate a realistic, collaboratively-written roadmap towards more open science within doctoral training. Its <a href=\"http:\/\/scienceetbiencommun.org\/?q=node\/76\" data-cke-saved-href=\"http:\/\/scienceetbiencommun.org\/?q=node\/76\">working language will be French<\/a>.<\/em><\/p>\n<p><em>First, we will interview at least 15 graduate students per university about their perception of open science. We will then build and test multimedia training tools aimed at improving their open science literacy. We will also test the relevance and acceptability of two well-known tools of open science: institutional repositories (local digital archives) and science shops (programs at the interface between a university and civil society).<\/em><\/p>\n<p><em>The final objective of the project is the creation of a vast open and sustainable network of leaders in open science in these countries, able to generate new open science projects when our research is completed: the <a href=\"http:\/\/scienceetbiencommun.org\/?q=node\/78\" data-cke-saved-href=\"http:\/\/scienceetbiencommun.org\/?q=node\/78\">R\u00e9seau interdisciplinaire d\u2019information et d\u2019\u00e9changes sur la science ouverte en Ha\u00efti et en Afrique francophone (RISOHA)<\/a>. This network will contribute to the roadmap to be adopted collectively at the end of our project.<\/em><\/p>\n<p><em>(Janvier 2015)<\/em><\/p>\n<p><script>\/\/ <![CDATA[\n(function(i,s,o,g,r,a,m){i['GoogleAnalyticsObject']=r;i[r]=i[r]||function(){\n  (i[r].q=i[r].q||[]).push(arguments)},i[r].l=1*new Date();a=s.createElement(o),\n  m=s.getElementsByTagName(o)[0];a.async=1;a.src=g;m.parentNode.insertBefore(a,m)\n  })(window,document,'script','\/\/www.google-analytics.com\/analytics.js','ga');\n\n  ga('create', 'UA-62771145-1', 'auto');\n  ga('send', 'pageview');\n\n\/\/ ]]><\/script><\/p>\n","protected":false},"excerpt":{"rendered":"<p>Le titre complet de ce projet de recherche-action est : La science ouverte comme outil collectif de d\u00e9veloppement du pouvoir d\u2019agir et de la justice cognitive en Ha\u00efti et en Afrique francophone : vers une feuille de route \/Open science as a collective tool of empowerment and cognitive justice in\u2026<\/p>\n<p> <a class=\"continue-reading-link\" href=\"https:\/\/www.projetsoha.org\/?page_id=20\"><span>Lire la suite<\/span><i class=\"crycon-right-dir\"><\/i><\/a> <\/p>\n","protected":false},"author":1,"featured_media":0,"parent":0,"menu_order":0,"comment_status":"open","ping_status":"open","template":"","meta":{"_monsterinsights_skip_tracking":false,"_monsterinsights_sitenote_active":false,"_monsterinsights_sitenote_note":"","_monsterinsights_sitenote_category":0,"footnotes":""},"class_list":["post-20","page","type-page","status-publish","hentry"],"_links":{"self":[{"href":"https:\/\/www.projetsoha.org\/index.php?rest_route=\/wp\/v2\/pages\/20","targetHints":{"allow":["GET"]}}],"collection":[{"href":"https:\/\/www.projetsoha.org\/index.php?rest_route=\/wp\/v2\/pages"}],"about":[{"href":"https:\/\/www.projetsoha.org\/index.php?rest_route=\/wp\/v2\/types\/page"}],"author":[{"embeddable":true,"href":"https:\/\/www.projetsoha.org\/index.php?rest_route=\/wp\/v2\/users\/1"}],"replies":[{"embeddable":true,"href":"https:\/\/www.projetsoha.org\/index.php?rest_route=%2Fwp%2Fv2%2Fcomments&post=20"}],"version-history":[{"count":8,"href":"https:\/\/www.projetsoha.org\/index.php?rest_route=\/wp\/v2\/pages\/20\/revisions"}],"predecessor-version":[{"id":119,"href":"https:\/\/www.projetsoha.org\/index.php?rest_route=\/wp\/v2\/pages\/20\/revisions\/119"}],"wp:attachment":[{"href":"https:\/\/www.projetsoha.org\/index.php?rest_route=%2Fwp%2Fv2%2Fmedia&parent=20"}],"curies":[{"name":"wp","href":"https:\/\/api.w.org\/{rel}","templated":true}]}}