{"id":17,"date":"2015-04-04T03:31:48","date_gmt":"2015-04-04T02:31:48","guid":{"rendered":"http:\/\/www.projetsoha.org\/?page_id=17"},"modified":"2015-05-12T14:56:03","modified_gmt":"2015-05-12T13:56:03","slug":"lequipe-de-recherche","status":"publish","type":"page","link":"https:\/\/www.projetsoha.org\/?page_id=17","title":{"rendered":"L&rsquo;\u00e9quipe de recherche"},"content":{"rendered":"<p>Co-chercheuses principales :<\/p>\n<p id=\"stcpDiv\"><strong>Di\u00e9yi Diouf<\/strong> (S\u00e9n\u00e9gal) est professeure-chercheuse \u00e0 l&rsquo;\u00c9cole des biblioth\u00e9caires, archivistes et documentalistes (EBAD) de l&rsquo;Universit\u00e9 Cheikh Anta Diop (UCAD), Dakar, S\u00e9n\u00e9gal. Elle a obtenu un doctorat de l&rsquo;Universit\u00e9 de Technologie de Troyes (France). Elle enseigne et publie sur le libre acc\u00e8s, les d\u00e9p\u00f4ts institutionnels et la litt\u00e9ratie num\u00e9rique. En tant que pionni\u00e8re du libre acc\u00e8s \u00e0 la science et formatrice exp\u00e9riment\u00e9e en ressources num\u00e9riques pour l&rsquo;AUF, la Facult\u00e9 de m\u00e9decine de Dakar et d&rsquo;autres organisations, elle a travaill\u00e9 avec passion pour conceptualiser un d\u00e9p\u00f4t institutionnel bas\u00e9 sur un processus de co-construction et d&rsquo;indexation collaborative adapt\u00e9 aux pays \u00e0 faible revenu. En d\u00e9cembre 2014, elle a gagn\u00e9 le prix\u00a0 \u00ab\u00a0Fil rouge\u00a0\u00bb de l&rsquo;atelier 3.2, UNESCO PADTICE (Dakar) &#8211; Technologies de l&rsquo;information et de la communication appliqu\u00e9es aux usages de cr\u00e9ation num\u00e9rique de sc\u00e9narios de cours et \u00e0 la structuration de parcours d&rsquo;apprentissage en ligne. Elle est aussi activement impliqu\u00e9e dans d&rsquo;autres associations, notamment des r\u00e9seaux de femmes scientifiques. Di\u00e9yi est co-chercheuse principale du projet SOHA. <a href=\"mailto:dieyidiouf@yahoo.fr\">dieyidiouf@yahoo.fr<\/a><\/p>\n<div>\n<p id=\"stcpDiv\"><strong>Florence Piron<\/strong> (Qu\u00e9bec) est anthropologue et \u00e9thicienne, professeure au D\u00e9partement d\u2019information et de communication de l\u2019Universit\u00e9 Laval o\u00f9 elle enseigne la pens\u00e9e critique \u00e0 travers des cours sur l\u2019\u00e9thique, la d\u00e9mocratie et le risque. Pr\u00e9sidente fondatrice de l\u2019A<a href=\"http:\/\/www.scienceetbiencommun.org\" target=\"_blank\">ssociation science et bien commun<\/a> et de la boutique de sciences <a href=\"http:\/\/www.accessavoirs.ulaval.ca\" target=\"_blank\">Acc\u00e8s savoirs de l\u2019Universit\u00e9 Laval<\/a>, elle s\u2019int\u00e9resse aux liens entre la science, la soci\u00e9t\u00e9 et la culture (l\u2019\u00e9thique), \u00e0 la fois comme chercheuse et comme militante pour une science plus ouverte, plus inclusive, socialement responsable et tourn\u00e9e vers le bien commun qu\u2019elle interpr\u00e8te comme la lutte contre les injustices et la d\u00e9gradation de l\u2019environnement. Elle intervient oralement et par \u00e9crit dans une grande diversit\u00e9 de milieux, dans et hors du monde universitaire. Florence est co-chercheuse principale du projet SOHA. Florence.Piron@com.ulaval.ca<\/p>\n<p>Pour la liste <a href=\"http:\/\/www.scienceetbiencommun.org\/?q=node\/78\" target=\"_blank\">de tous les co-chercheurs et co-chercheuses, voir la page du site de l&rsquo;Association science et bien commun<\/a>.<\/p>\n<\/div>\n<div><\/div>\n<div><\/div>\n","protected":false},"excerpt":{"rendered":"<p>Co-chercheuses principales : Di\u00e9yi Diouf (S\u00e9n\u00e9gal) est professeure-chercheuse \u00e0 l&rsquo;\u00c9cole des biblioth\u00e9caires, archivistes et documentalistes (EBAD) de l&rsquo;Universit\u00e9 Cheikh Anta Diop (UCAD), Dakar, S\u00e9n\u00e9gal. Elle a obtenu un doctorat de l&rsquo;Universit\u00e9 de Technologie de Troyes (France). Elle enseigne et publie sur le libre acc\u00e8s, les d\u00e9p\u00f4ts institutionnels et la litt\u00e9ratie\u2026<\/p>\n<p> <a class=\"continue-reading-link\" href=\"https:\/\/www.projetsoha.org\/?page_id=17\"><span>Lire la suite<\/span><i class=\"crycon-right-dir\"><\/i><\/a> <\/p>\n","protected":false},"author":1,"featured_media":0,"parent":0,"menu_order":0,"comment_status":"open","ping_status":"open","template":"","meta":{"_monsterinsights_skip_tracking":false,"_monsterinsights_sitenote_active":false,"_monsterinsights_sitenote_note":"","_monsterinsights_sitenote_category":0,"footnotes":""},"class_list":["post-17","page","type-page","status-publish","hentry"],"_links":{"self":[{"href":"https:\/\/www.projetsoha.org\/index.php?rest_route=\/wp\/v2\/pages\/17","targetHints":{"allow":["GET"]}}],"collection":[{"href":"https:\/\/www.projetsoha.org\/index.php?rest_route=\/wp\/v2\/pages"}],"about":[{"href":"https:\/\/www.projetsoha.org\/index.php?rest_route=\/wp\/v2\/types\/page"}],"author":[{"embeddable":true,"href":"https:\/\/www.projetsoha.org\/index.php?rest_route=\/wp\/v2\/users\/1"}],"replies":[{"embeddable":true,"href":"https:\/\/www.projetsoha.org\/index.php?rest_route=%2Fwp%2Fv2%2Fcomments&post=17"}],"version-history":[{"count":5,"href":"https:\/\/www.projetsoha.org\/index.php?rest_route=\/wp\/v2\/pages\/17\/revisions"}],"predecessor-version":[{"id":130,"href":"https:\/\/www.projetsoha.org\/index.php?rest_route=\/wp\/v2\/pages\/17\/revisions\/130"}],"wp:attachment":[{"href":"https:\/\/www.projetsoha.org\/index.php?rest_route=%2Fwp%2Fv2%2Fmedia&parent=17"}],"curies":[{"name":"wp","href":"https:\/\/api.w.org\/{rel}","templated":true}]}}