{"id":1255,"date":"2016-05-18T15:30:44","date_gmt":"2016-05-18T14:30:44","guid":{"rendered":"http:\/\/www.projetsoha.org\/?page_id=1255"},"modified":"2016-10-07T19:34:30","modified_gmt":"2016-10-07T18:34:30","slug":"formation-sur-la-science-ouverte-et-ses-logiciels","status":"publish","type":"page","link":"https:\/\/www.projetsoha.org\/?page_id=1255","title":{"rendered":"Formation sur la science ouverte et ses logiciels"},"content":{"rendered":"<div>\n<div id=\"js_9v\" data-tooltip-content=\"08:48\" data-tooltip-position=\"right\" data-hover=\"tooltip\">\n<div>\n<div>\n<div>\n<p>Bienvenue \u00e0 ce module de formation sur la science ouverte et ses logiciels qui peut \u00eatre utilis\u00e9 en mode pr\u00e9sentiel ou comme module d&rsquo;auto-formation.<\/p>\n<\/div>\n<\/div>\n<\/div>\n<\/div>\n<h1>Premi\u00e8re \u00e9tape<\/h1>\n<h2>Qu&rsquo;est-ce que la science ouverte et qu&rsquo;est-ce que le libre acc\u00e8s?<\/h2>\n<p>Lisez tranquillement cette<a href=\"http:\/\/fr.slideshare.net\/FlorencePiron1\/la-science-ouverte-portrait-densemble-outil-de-formation\"> pr\u00e9sentation Powerpoint <\/a>\u00e0 t\u00e9l\u00e9charger \u00e0 partir de Slideshare.net, le YouTube des diaporamas. Comme cette pr\u00e9sentation est sous licence Creative Commons, n&rsquo;h\u00e9sitez pas \u00e0 l&rsquo;utiliser dans des ateliers que vous souhaitez organiser.<\/p>\n<p>Voici la version <a href=\"https:\/\/www.projetsoha.org\/wp-content\/uploads\/2016\/05\/Portrait-densemble-de-la-science-ouverte.pdf\">version pdf<\/a> de ce document.<\/p>\n<p>&nbsp;<\/p>\n<h1><a href=\"http:\/\/fr.slideshare.net\/FlorencePiron1\/la-science-ouverte-portrait-densemble-outil-de-formation\"><img loading=\"lazy\" decoding=\"async\" class=\"aligncenter size-full wp-image-1262\" src=\"https:\/\/www.projetsoha.org\/wp-content\/uploads\/2016\/05\/Capture-d\u2019e\u0301cran-2016-05-18-a\u0300-12.07.02.png\" alt=\"Capture d\u2019e\u0301cran 2016-05-18 a\u0300 12.07.02\" width=\"721\" height=\"539\" srcset=\"https:\/\/www.projetsoha.org\/wp-content\/uploads\/2016\/05\/Capture-d\u2019e\u0301cran-2016-05-18-a\u0300-12.07.02.png 721w, https:\/\/www.projetsoha.org\/wp-content\/uploads\/2016\/05\/Capture-d\u2019e\u0301cran-2016-05-18-a\u0300-12.07.02-300x224.png 300w, https:\/\/www.projetsoha.org\/wp-content\/uploads\/2016\/05\/Capture-d\u2019e\u0301cran-2016-05-18-a\u0300-12.07.02-201x150.png 201w, https:\/\/www.projetsoha.org\/wp-content\/uploads\/2016\/05\/Capture-d\u2019e\u0301cran-2016-05-18-a\u0300-12.07.02-150x112.png 150w\" sizes=\"auto, (max-width: 721px) 100vw, 721px\" \/><\/a><\/h1>\n<p>Pour aller plus loin, consultez notre<a href=\"https:\/\/www.projetsoha.org\/?page_id=1264\"> FAQ sur la science ouverte et la justice cognitive<\/a> : 30 questions qui ont \u00e9t\u00e9 sugg\u00e9r\u00e9es par des \u00e9tudiants et \u00e9tudiantes et des r\u00e9ponses propos\u00e9es par l&rsquo;\u00e9quipe du projet SOHA. Cette FAQ est \u00e9volutive, donc n&rsquo;h\u00e9sitez pas \u00e0 envoyer d&rsquo;autres questions \u00e0 <a href=\"http:\/\/equipe@projetsoha.org\">equipe@projetsoha.org.<\/a><\/p>\n<h1>Deuxi\u00e8me \u00e9tape<\/h1>\n<p>Voici des logiciels libres ou gratuits qui peuvent vous aider \u00e0 pratiquer la science ouverte ou \u00e0 bien utiliser les ressources scientifiques libres accessibles sur le web. Nous ajouterons progressivement des tutoriels, mais il en existe d\u00e9j\u00e0 de nombreux sur YouTube.<\/p>\n<h2>1. Comment faire une recherche documentaire qui donne principalement des r\u00e9sultats en libre acc\u00e8s sur le web, peu importe le pays o\u00f9 on se trouve?<\/h2>\n<p>La page <a href=\"https:\/\/www.projetsoha.org\/?page_id=1040\">La recherche documentaire dans le web scientifique libre<\/a> vous l&rsquo;explique de mani\u00e8re d\u00e9taill\u00e9e, en 7 \u00e9tapes.<\/p>\n<h2>2. Comment travailler de mani\u00e8re collaborative, \u00e0 distance et de mani\u00e8re asynchrone?<\/h2>\n<p>Le travail collaboratif est un \u00e9l\u00e9ment essentiel de la science ouverte. Il repose sur le partage, la coop\u00e9ration, la confiance et l&rsquo;amiti\u00e9 ou la bienveillance.<\/p>\n<ul>\n<li>Faire un document \u00e0 plusieurs avec <a href=\"https:\/\/framapad.org\/\">Framapad (logiciel libre)<\/a><\/li>\n<li>Travailler en groupe sur un <a href=\"https:\/\/docs.google.com\/document\/d\/1XdB1VTSlasb6NjwHCPi9Wni4jFmsOcrW1GWPziuL6a0\/edit?usp=sharing\">Google doc (logiciel gratuit, mais non libre)<\/a><\/li>\n<li>Cr\u00e9er un<a href=\"https:\/\/revueses.wikispaces.com\/\"> wiki<\/a> pour votre \u00e9quipe qui vous permet de cr\u00e9er plusieurs pages collaboratives (en guise d&rsquo;exemple, le wiki \u00ab\u00a0Troc des traductions\u00a0\u00bb des \u00c9ditions science et bien commun).<\/li>\n<li>D\u00e9poser des documents dans une <a href=\"https:\/\/www.dropbox.com\/home\">dropbox<\/a> (ou un nuage \u00e9quivalent)<\/li>\n<li>Cr\u00e9er un <a href=\"https:\/\/trello.com\/b\/rJQu1Ktr\/mooc-soha\">Trello<\/a> pour r\u00e9partir entre plusieurs personnes les t\u00e2ches d&rsquo;un projet complexe (en guise d&rsquo;exemple, le Trello du MOOC SOHA \u00ab Concevoir et r\u00e9diger un projet de th\u00e8se \u00bb).<\/li>\n<li>Prendre rendez-vous avec des coll\u00e8gues ou amis \u00e0 l&rsquo;aide de <a href=\"https:\/\/framadate.org\/\">Framadate<\/a><\/li>\n<\/ul>\n<h2>3. Comment conserver une trace de nos trouvailles sur le web?<\/h2>\n<\/div>\n<div>\n<div id=\"js_9u\" data-tooltip-content=\"08:50\" data-tooltip-position=\"right\" data-hover=\"tooltip\">\n<div>\n<div>\n<ul>\n<li>G\u00e9rer ses r\u00e9f\u00e9rences bibliographiques avec<a href=\"http:\/\/www.zotero.org\"> Zotero<\/a>: ce logiciel libre et gratuit permet de classer des r\u00e9f\u00e9rences bibliographiques, de les inclure dans un document word et de g\u00e9n\u00e9rer des bibliographies parfaitement format\u00e9es (selon diff\u00e9rents mod\u00e8les) en un clic. Indispensable!<a href=\"http:\/\/www.zotero.org\"><br \/>\n<\/a><\/li>\n<li>Marquer et regrouper les pages web, incluant les articles scientifiques, qui nous int\u00e9ressent avec <a href=\"http:\/\/www.pearltrees.com\">Pearltrees <\/a><\/li>\n<li>Annoter des pages Web avec <a href=\"http:\/\/www.diigo.com\">Diigo <\/a><\/li>\n<li>Faire de la curation ou de la veille informationnelle avec <a href=\"http:\/\/www.scoop.it\/\">scoop.it <\/a>ou <a href=\"http:\/\/www.twitter.com\">twitter<\/a><\/li>\n<\/ul>\n<\/div>\n<\/div>\n<\/div>\n<\/div>\n","protected":false},"excerpt":{"rendered":"<p>Bienvenue \u00e0 ce module de formation sur la science ouverte et ses logiciels qui peut \u00eatre utilis\u00e9 en mode pr\u00e9sentiel ou comme module d&rsquo;auto-formation. Premi\u00e8re \u00e9tape Qu&rsquo;est-ce que la science ouverte et qu&rsquo;est-ce que le libre acc\u00e8s? Lisez tranquillement cette pr\u00e9sentation Powerpoint \u00e0 t\u00e9l\u00e9charger \u00e0 partir de Slideshare.net, le YouTube\u2026<\/p>\n<p> <a class=\"continue-reading-link\" href=\"https:\/\/www.projetsoha.org\/?page_id=1255\"><span>Lire la suite<\/span><i class=\"crycon-right-dir\"><\/i><\/a> <\/p>\n","protected":false},"author":4,"featured_media":0,"parent":0,"menu_order":0,"comment_status":"closed","ping_status":"closed","template":"","meta":{"_monsterinsights_skip_tracking":false,"_monsterinsights_sitenote_active":false,"_monsterinsights_sitenote_note":"","_monsterinsights_sitenote_category":0,"footnotes":""},"class_list":["post-1255","page","type-page","status-publish","hentry"],"_links":{"self":[{"href":"https:\/\/www.projetsoha.org\/index.php?rest_route=\/wp\/v2\/pages\/1255","targetHints":{"allow":["GET"]}}],"collection":[{"href":"https:\/\/www.projetsoha.org\/index.php?rest_route=\/wp\/v2\/pages"}],"about":[{"href":"https:\/\/www.projetsoha.org\/index.php?rest_route=\/wp\/v2\/types\/page"}],"author":[{"embeddable":true,"href":"https:\/\/www.projetsoha.org\/index.php?rest_route=\/wp\/v2\/users\/4"}],"replies":[{"embeddable":true,"href":"https:\/\/www.projetsoha.org\/index.php?rest_route=%2Fwp%2Fv2%2Fcomments&post=1255"}],"version-history":[{"count":17,"href":"https:\/\/www.projetsoha.org\/index.php?rest_route=\/wp\/v2\/pages\/1255\/revisions"}],"predecessor-version":[{"id":1433,"href":"https:\/\/www.projetsoha.org\/index.php?rest_route=\/wp\/v2\/pages\/1255\/revisions\/1433"}],"wp:attachment":[{"href":"https:\/\/www.projetsoha.org\/index.php?rest_route=%2Fwp%2Fv2%2Fmedia&parent=1255"}],"curies":[{"name":"wp","href":"https:\/\/api.w.org\/{rel}","templated":true}]}}